.
2, 3, 5, 2141
What are the prime factors of 3768032?
2, 117751
List the prime factors of 122973.
3, 179, 229
What are the prime factors of 1624098?
2, 3, 7, 38669
What are the prime factors of 7247968?
2, 7, 13, 19, 131
What are the prime factors of 6943855?
5, 43, 32297
What are the prime factors of 413528?
2, 51691
List the prime factors of 9181157.
1301, 7057
List the prime factors of 1219913.
1219913
What are the prime factors of 3818806?
2, 71, 26893
What are the prime factors of 492393?
3, 11, 43, 347
List the prime factors of 1726768.
2, 107923
What are the prime factors of 9020180?
2, 5, 13, 34693
What are the prime factors of 98869?
98869
List the prime factors of 465238.
2, 37, 6287
List the prime factors of 34452306.
2, 3, 7, 127, 2153
List the prime factors of 622960.
2, 5, 13, 599
List the prime factors of 8196016.
2, 512251
What are the prime factors of 527678?
2, 439, 601
What are the prime factors of 14416782?
2, 3, 17, 19, 43, 173
What are the prime factors of 16927654?
2, 8463827
What are the prime factors of 1633513?
7, 17, 37, 53
List the prime factors of 2580350.
2, 5, 51607
List the prime factors of 156144.
2, 3, 3253
List the prime factors of 194904.
2, 3, 2707
List the prime factors of 3391771.
3391771
List the prime factors of 735063.
3, 7, 17, 29, 71
List the prime factors of 650419.
7, 11, 8447
What are the prime factors of 330268?
2, 82567
What are the prime factors of 278179?
11, 19
What are the prime factors of 2051946?
2, 3, 13, 37, 79
What are the prime factors of 2826924?
2, 3, 235577
What are the prime factors of 1029649?
991, 1039
List the prime factors of 205818.
2, 3, 34303
List the prime factors of 116699.
11, 103
List the prime factors of 12352.
2, 193
List the prime factors of 2294317.
53, 73, 593
What are the prime factors of 155371?
155371
List the prime factors of 189890.
2, 5, 17, 1117
What are the prime factors of 182862?
2, 3, 10159
What are the prime factors of 116976?
2, 3, 2437
List the prime factors of 503266.
2, 29, 8677
List the prime factors of 6926161.
11, 57241
What are the prime factors of 169963?
349, 487
List the prime factors of 3442392.
2, 3, 15937
What are the prime factors of 68040?
2, 3, 5, 7
List the prime factors of 226553.
226553
List the prime factors of 472983.
3, 7, 101, 223
What are the prime factors of 13020385?
5, 7, 17, 79, 277
What are the prime factors of 459608?
2, 73, 787
What are the prime factors of 178082?
2, 89041
What are the prime factors of 10259435?
5, 2051887
List the prime factors of 1589231.
7, 23, 9871
List the prime factors of 4291092.
2, 3, 13, 53, 173
What are the prime factors of 477219?
3, 159073
List the prime factors of 5531421.
3, 7, 263401
List the prime factors of 14223133.
37, 53, 7253
What are the prime factors of 23670380?
2, 5, 29, 37, 1103
List the prime factors of 58180.
2, 5, 2909
List the prime factors of 781841.
101, 7741
List the prime factors of 3363927.
3, 7, 41, 3907
What are the prime factors of 6259592?
2, 29, 26981
List the prime factors of 9395031.
3, 379, 8263
List the prime factors of 6571763.
11, 597433
List the prime factors of 4722258.
2, 3, 787043
What are the prime factors of 368885?
5, 11, 19, 353
What are the prime factors of 11900542?
2, 97, 61343
What are the prime factors of 4380047?
7, 521, 1201
List the prime factors of 148597.
17, 8741
List the prime factors of 815099.
17, 47947
What are the prime factors of 256304?
2, 83, 193
What are the prime factors of 2844271?
2844271
What are the prime factors of 266190?
2, 3, 5, 19, 467
What are the prime factors of 5401745?
5, 59, 18311
What are the prime factors of 193564?
2, 7, 31, 223
List the prime factors of 304032.
2, 3, 3167
List the prime factors of 189813.
3, 13, 31, 157
List the prime factors of 87990.
2, 3, 5, 7, 419
List the prime factors of 6273957.
3, 2091319
List the prime factors of 1719118.
2, 859559
What are the prime factors of 5518884?
2, 3, 7, 65701
List the prime factors of 8323000.
2, 5, 7, 29, 41
What are the prime factors of 8010509?
13, 23, 73, 367
What are the prime factors of 1693043?
11, 153913
What are the prime factors of 147748?
2, 43, 859
What are the prime factors of 3277820?
2, 5, 7, 13, 1801
What are the prime factors of 208375?
5, 1667
What are the prime factors of 9005592?
2, 3, 375233
List the prime factors of 2744759.
19, 144461
What are the prime factors of 1902257?
7, 331, 821
List the prime factors of 3686005.
5, 67, 11003
List the prime factors of 2409039.
3, 267671
What are the prime factors of 23348255?
5, 7, 157, 607
List the prime factors of 4515395.
5, 903079
What are the prime factors of 520033?
433, 1201
List the prime factors of 169287.
3, 73, 773
List the prime factors of 17573507.
7, 29, 83, 149
List the prime factors of 449530.
2, 5, 44953
What are the prime factors of 17375084?
2, 4343771
List the prime factors of 546266.
2, 7, 39019
What are the prime factors of 96023?
131, 733
What are the prime factors of 883420?
2, 5, 44171
List the prime factors of 354063.
3, 107, 1103
List the prime factors of 430224.
2, 3, 8963
What are the prime factors of 17905526?
2, 1093, 8191
List the prime factors of 2147992.
2, 7, 11, 317
What are the prime factors of 1108896?
2, 3, 11551
List the prime factors of 685527.
3, 228509
List the prime factors of 1691350.
2, 5, 33827
List the prime factors of 9412529.
7, 1344647
What are the prime factors of 274323?
3, 7, 13063
What are the prime factors of 365234?
2, 182617
What are the prime factors of 460197?
3, 51133
What are the prime factors of 1929456?
2, 3, 13399
List the prime factors of 981510.
2, 3, 5, 32717
List the prime factors of 74709.
3, 2767
List the prime factors of 5533177.
13, 17, 25037
What are the prime factors of 1030049?
1030049
What are the prime factors of 28456494?
2, 3, 11, 359, 1201
List the prime factors of 2887191.
3, 61, 1753
List the prime factors of 1248059.
1248059
List the prime factors of 176554.
2, 7, 12611
List the prime factors of 736052.
2, 184013
What are the prime factors of 199621?
199621
What are the prime factors of 474538?
2, 17, 821
What are the prime factors of 12897937?
13, 643, 1543
What are the prime factors of 26400?
2, 3, 5, 11
List the prime factors of 18398367.
3, 13, 23, 43, 53
List the prime factors of 18760990.
2, 5, 47, 179, 223
List the prime factors of 11105.
5, 2221
What are the prime factors of 820008?
2, 3, 7, 1627
What are the prime factors of 7024326?
2, 3, 1170721
List the prime factors of 2241181.
2241181
List the prime factors of 121884.
2, 3, 7, 1451
List the prime factors of 1460901.
3, 13, 47, 797
What are the prime factors of 176829?
3, 58943
List the prime factors of 358133.
23, 677
What are the prime factors of 4136659?
109, 37951
What are the prime factors of 17498697?
3, 419, 13921
What are the prime factors of 839365?
5, 167873
List the prime factors of 906624.
2, 3, 787
What are the prime factors of 76407?
3, 25469
List the prime factors of 707082.
2, 3, 191, 617
List the prime factors of 449031.
3, 11, 1237
List the prime factors of 2311755.
3, 5, 229, 673
What are the prime factors of 277062?
2, 3, 61, 757
List the prime factors of 8282266.
2, 4141133
What are the prime factors of 729230?
2, 5, 72923
List the prime factors of 279908.
2, 19, 29, 127
What are the prime factors of 627422?
2, 313711
What are the prime factors of 37474?
2, 41, 457
List the prime factors of 792892.
2, 198223
List the prime factors of 207133.
103, 2011
What are the prime factors of 617335?
5, 311, 397
List the prime factors of 1508184.
2, 3, 20947
What are the prime factors of 629308?
2, 157327
List the prime factors of 175928.
2, 21991
What are the prime factors of 11718458?
2, 1759, 3331
List the prime factors of 646008.
2, 3, 11, 2447
What are the prime factors of 6604634?
2, 23, 29, 4951
List the prime factors of 1580315.
5, 11, 59, 487
What are the prime factors of 233472?
2, 3, 19
List the prime factors of 319742.
2, 159871
What are the prime factors of 1742935?
5, 348587
What are the prime factors of 137324?
2, 11, 3121
What are the prime factors of 374893?
374893
List the prime factors of 20718034.
2, 157, 65981
What are the prime factors of 24082113?
3, 11, 729761
What are the prime factors of 15288489?
3, 47, 769
What a